{"id":49,"date":"2021-01-15T12:11:26","date_gmt":"2021-01-15T11:11:26","guid":{"rendered":"http:\/\/supervisionscolaire.be\/?page_id=49"},"modified":"2021-04-30T11:39:41","modified_gmt":"2021-04-30T09:39:41","slug":"emploi","status":"publish","type":"page","link":"https:\/\/www.supervisionscolaire.be\/?page_id=49","title":{"rendered":"Emploi"},"content":{"rendered":"\n<p>Aucune annonce \u00e0 pourvoir actuellement<\/p>\n\n\n\n<p><\/p>\n\n\n\n<p><\/p>\n\n\n\n<p><\/p>\n\n\n\n<p><\/p>\n\n\n\n<p><\/p>\n\n\n\n<p>Le Centre de Supervision des professionnels scolaires est en voie d&rsquo;expansion. <\/p>\n\n\n\n<p>Vous avez une exp\u00e9rience probante dans un ou plusieurs m\u00e9tiers li\u00e9s \u00e0 l&rsquo;enseignement, vous  adh\u00e9rez aux valeurs du centre, vous \u00eates motiv\u00e9 \u00e0 vous former et vous souhaitez \u0153uvrer au d\u00e9veloppement du \u00ab\u00a0soi\u00a0\u00bb des m\u00e9tiers li\u00e9s \u00e0 l&rsquo;enseignement. N&rsquo;h\u00e9sitez pas \u00e0 envoyer votre candidature spontan\u00e9e\/lettre de motivation en pr\u00e9cisant votre r\u00e9gion  (R\u00e9gion Bruxelles capitale &#8211; Brabant Wallon &#8211; Hainaut &#8211; Li\u00e8ge ou Luxembourg.)<\/p>\n\n\n\n<p><\/p>\n\n\n\n<p><\/p>\n","protected":false},"excerpt":{"rendered":"<p>Aucune annonce \u00e0 pourvoir actuellement Le Centre de Supervision des professionnels scolaires est en voie d&rsquo;expansion. Vous avez une exp\u00e9rience probante dans un ou plusieurs m\u00e9tiers li\u00e9s \u00e0 l&rsquo;enseignement, vous adh\u00e9rez aux valeurs du centre, vous \u00eates motiv\u00e9 \u00e0 vous former et vous souhaitez \u0153uvrer au d\u00e9veloppement du \u00ab\u00a0soi\u00a0\u00bb des m\u00e9tiers li\u00e9s \u00e0 l&rsquo;enseignement. N&rsquo;h\u00e9sitez &hellip; <\/p>\n<p class=\"link-more\"><a href=\"https:\/\/www.supervisionscolaire.be\/?page_id=49\" class=\"more-link\">Continuer la lecture<span class=\"screen-reader-text\"> de &laquo;&nbsp;Emploi&nbsp;&raquo;<\/span><\/a><\/p>\n","protected":false},"author":1,"featured_media":0,"parent":0,"menu_order":0,"comment_status":"closed","ping_status":"closed","template":"","meta":[],"_links":{"self":[{"href":"https:\/\/www.supervisionscolaire.be\/index.php?rest_route=\/wp\/v2\/pages\/49"}],"collection":[{"href":"https:\/\/www.supervisionscolaire.be\/index.php?rest_route=\/wp\/v2\/pages"}],"about":[{"href":"https:\/\/www.supervisionscolaire.be\/index.php?rest_route=\/wp\/v2\/types\/page"}],"author":[{"embeddable":true,"href":"https:\/\/www.supervisionscolaire.be\/index.php?rest_route=\/wp\/v2\/users\/1"}],"replies":[{"embeddable":true,"href":"https:\/\/www.supervisionscolaire.be\/index.php?rest_route=%2Fwp%2Fv2%2Fcomments&post=49"}],"version-history":[{"count":7,"href":"https:\/\/www.supervisionscolaire.be\/index.php?rest_route=\/wp\/v2\/pages\/49\/revisions"}],"predecessor-version":[{"id":335,"href":"https:\/\/www.supervisionscolaire.be\/index.php?rest_route=\/wp\/v2\/pages\/49\/revisions\/335"}],"wp:attachment":[{"href":"https:\/\/www.supervisionscolaire.be\/index.php?rest_route=%2Fwp%2Fv2%2Fmedia&parent=49"}],"curies":[{"name":"wp","href":"https:\/\/api.w.org\/{rel}","templated":true}]}}

<p>Aucune annonce à pourvoir actuellement</p>



<p></p>



<p></p>



<p></p>



<p></p>



<p></p>



<p>Le Centre de Supervision des professionnels scolaires est en voie d&rsquo;expansion. </p>



<p>Vous avez une expérience probante dans un ou plusieurs métiers liés à l&rsquo;enseignement, vous  adhérez aux valeurs du centre, vous êtes motivé à vous former et vous souhaitez œuvrer au développement du « soi » des métiers liés à l&rsquo;enseignement. N&rsquo;hésitez pas à envoyer votre candidature spontanée/lettre de motivation en précisant votre région  (Région Bruxelles capitale &#8211; Brabant Wallon &#8211; Hainaut &#8211; Liège ou Luxembourg.)</p>



<p></p>



<p></p>

<p>Aucune annonce à pourvoir actuellement Le Centre de Supervision des professionnels scolaires est en voie d&rsquo;expansion. Vous avez une expérience probante dans un ou plusieurs métiers liés à l&rsquo;enseignement, vous adhérez aux valeurs du centre, vous êtes motivé à vous former et vous souhaitez œuvrer au développement du « soi » des métiers liés à l&rsquo;enseignement. N&rsquo;hésitez &hellip; </p>
<p class="link-more"><a href="https://www.supervisionscolaire.be/?page_id=49" class="more-link">Continuer la lecture<span class="screen-reader-text"> de &laquo;&nbsp;Emploi&nbsp;&raquo;</span></a></p>
